 of 4350482?
2
What is the hundred thousands digit of 512107?
5
What is the hundreds digit of 41604?
6
What is the tens digit of 103906?
0
What is the ten thousands digit of 1210367?
1
What is the hundreds digit of 423742?
7
What is the units digit of 605993?
3
What is the millions digit of 6230500?
6
What is the thousands digit of 493695?
3
What is the hundreds digit of 745578?
5
What is the millions digit of 8310210?
8
What is the units digit of 311845?
5
What is the units digit of 294762?
2
What is the tens digit of 4636162?
6
What is the ten thousands digit of 104838?
0
What is the hundred thousands digit of 6253823?
2
What is the units digit of 14650141?
1
What is the hundreds digit of 1740665?
6
What is the ten millions digit of 11011124?
1
What is the hundreds digit of 922216?
2
What is the tens digit of 140954?
5
What is the units digit of 598413?
3
What is the tens digit of 190961?
6
What is the millions digit of 31490511?
1
What is the thousands digit of 1234287?
4
What is the millions digit of 1096753?
1
What is the units digit of 74762?
2
What is the units digit of 32079063?
3
What is the units digit of 445710?
0
What is the millions digit of 4157848?
4
What is the thousands digit of 29025249?
5
What is the ten thousands digit of 260888?
6
What is the tens digit of 250486?
8
What is the thousands digit of 621957?
1
What is the hundred thousands digit of 16116241?
1
What is the thousands digit of 641967?
1
What is the thousands digit of 509335?
9
What is the thousands digit of 100783?
0
What is the ten millions digit of 10099141?
1
What is the hundred thousands digit of 9653661?
6
What is the hundred thousands digit of 1328051?
3
What is the hundreds digit of 23727?
7
What is the ten thousands digit of 959878?
5
What is the ten thousands digit of 27495118?
9
What is the thousands digit of 287843?
7
What is the hundreds digit of 27052449?
4
What is the thousands digit of 872576?
2
What is the millions digit of 1352178?
1
What is the ten thousands digit of 1995280?
9
What is the tens digit of 238256?
5
What is the units digit of 19749?
9
What is the thousands digit of 2606405?
6
What is the tens digit of 6511473?
7
What is the tens digit of 14184105?
0
What is the thousands digit of 6110384?
0
What is the tens digit of 741505?
0
What is the hundred thousands digit of 2554099?
5
What is the millions digit of 6078905?
6
What is the units digit of 31538463?
3
What is the tens digit of 5297856?
5
What is the tens digit of 288941?
4
What is the thousands digit of 356991?
6
What is the thousands digit of 1284269?
4
What is the tens digit of 2676612?
1
What is the units digit of 179386?
6
What is the thousands digit of 212619?
2
What is the tens digit of 49160?
6
What is the hundred thousands digit of 2454793?
4
What is the thousands digit of 12196960?
6
What is the units digit of 3573380?
0
What is the ten thousands digit of 15972195?
7
What is the tens digit of 272283?
8
What is the thousands digit of 371879?
1
What is the hundreds digit of 10814087?
0
What is the hundreds digit of 17693964?
9
What is the hundreds digit of 1086065?
0
What is the ten thousands digit of 13244975?
4
What is the hundred thousands digit of 1069523?
0
What is the ten millions digit of 26010121?
2
What is the units digit of 459586?
6
What is the tens digit of 4062522?
2
What is the hundred thousands digit of 115650?
1
What is the hundred thousands digit of 9003642?
0
What is the hundreds digit of 306694?
6
What is the hundreds digit of 40092?
0
What is the ten millions digit of 18972800?
1
What is the millions digit of 11775441?
1
What is the units digit of 330126?
6
What is the hundreds digit of 3757168?
1
What is the tens digit of 111934?
3
What is the hundred thousands digit of 28002135?
0
What is the hundreds digit of 5301606?
6
What is the units digit of 605041?
1
What is the hundred thousands digit of 868403?
8
What is the tens digit of 417189?
8
What is the tens digit of 205282?
8
What is the millions digit of 1094024?
1
What is the units digit of 7206219?
9
What is the units digit of 65279?
9
What is the thousands digit of 3575847?
5
What is the tens digit of 15320514?
1
What is the units digit of 3151680?
0
What is the thousands digit of 1519802?
9
What is the millions digit of 18356742?
8
What is the millions digit of 32881276?
2
What is the tens digit of 284882?
8
What is the tens digit of 194108?
0
What is the ten thousands digit of 2255226?
5
What is the tens digit of 577623?
2
What is the hundreds digit of 1300708?
7
What is the thousands digit of 83669?
3
What is the tens digit of 702685?
8
What is the ten thousands digit of 5077820?
7
What is the hundred thousands digit of 1439011?
4
What is the millions digit of 8020110?
8
What is the tens digit of 516768?
6
What is the units digit of 2864222?
2
What is the tens digit of 644904?
0
What is the tens digit of 540465?
6
What is the thousands digit of 1445606?
5
What is the hundreds digit of 255646?
6
What is the units digit of 39502?
2
What is the hundred thousands digit of 1624345?
6
What is the hundred thousands digit of 2113418?
1
What is the thousands digit of 114861?
4
What is the hundreds digit of 343215?
2
What is the units digit of 3289649?
9
What is the units digit of 18051564?
4
What is the units digit of 555258?
8
What is the units digit of 2777668?
8
What is the thousands digit of 244898?
4
What is the thousands digit of 7326686?
6
What is the units digit of 10882187?
7
What is the hundreds digit of 82653?
6
What is the tens digit of 846714?
1
What is the units digit of 209767?
7
What is the hundred thousands digit of 7042401?
0
What is the hundred thousands digit of 1151199?
1
What is the ten thousands digit of 432163?
3
What is the units digit of 231447?
7
What is the thousands digit of 33075866?
5
What is the tens digit of 2379042?
4
What is the hundreds digit of 593378?
3
What is the hundreds digit of 8612433?
4
What is the millions digit of 5950522?
5
What is the hundreds digit of 528138?
1
What is the ten thousands digit of 68582?
6
What is the hundred thousands digit of 18116864?
1
What is the units digit of 7023182?
2
What is the hundred thousands digit of 2349144?
3
What is the hundreds digit of 26623865?
8
What is the hundred thousands digit of 16113419?
1
What is the tens digit of 8982292?
9
What is the units digit of 384023?
3
What is the millions digit of 2102336?
2
What is the hundreds digit of 314565?
5
What is the hundreds digit of 158129?
1
What is the thousands digit of 3327315?
7
What is the thousands digit of 163233?
3
What is the tens digit of 2006149?
4
What is the tens digit of 4641137?
3
What is the units digit of 10403426?
6
What is the ten thousands digit of 175102?
7
What is the hundreds digit of 1426501?
5
What is the hundred thousands digit of 453686?
4
What is the thousands digit of 18635261?
5
What is the tens digit of 7041752?
5
What is the thousands digit of 67712?
7
What is the tens digit of 95291?
9
What is the units digit of 40738?
8
What is the thousands digit of 3989459?
9
What is the hundred thousands digit of 1326840?
3
What is the ten thousands digit of 1454146?
5
What is the tens digit of 17970304?
0
What is the units digit of 247110?
0
What is the millions digit of 1125011?
1
What is the units digit of 12589?
9
What is the hundreds digit of 466090?
0
What is the ten thousands digit of 1928189?
2
What is the ten thousands digit of 292127?
9
What is the hundreds digit of 13512987?
9
What is the units digit of 100632?
2
What is the hundred thousands digit of 1803948?
8
What is the millions digit of 13933500?
3
What is the ten millions digit of 18413025?
1
What is the thousands digit of 1161929?
1
What is the ten thousands digit of 10021729?
2
What is the hundreds digit of 1314460?
4
What is the ten thousands digit of 310173?
1
What is the tens digit of 130003?
0
What is the units digit of 2286724?
4
What is the tens digit of 5844472?
7
What is the units digit of 59690?
0
What is the hundreds digit of 176569?
5
What is the ten thousands digit of 16892830?
9
What is the units digit of 158455?
5
What is the hundreds digit of 2705355?
3
What is the units digit of 3977172?
2
What is the thousands digit of 288894?
8
What is the ten thousands digit of